{"id":253,"date":"2021-11-25T16:43:18","date_gmt":"2021-11-25T16:43:18","guid":{"rendered":"https:\/\/kavalkade.de\/blog\/?page_id=253"},"modified":"2026-03-25T11:08:01","modified_gmt":"2026-03-25T11:08:01","slug":"team","status":"publish","type":"page","link":"https:\/\/kavalkade.de\/blog\/team\/","title":{"rendered":"Unser Team"},"content":{"rendered":"\n<div class=\"wp-block-columns is-layout-flex wp-container-core-columns-is-layout-28f84493 wp-block-columns-is-layout-flex\">\n<div class=\"wp-block-column is-layout-flow wp-block-column-is-layout-flow\">\n<div style=\"height:100px\" aria-hidden=\"true\" class=\"wp-block-spacer\"><\/div>\n\n\n\n<h1 class=\"wp-block-heading\">Unser Kavalkade-Team<\/h1>\n\n\n\n<h2 class=\"wp-block-heading\">Die Menschen hinter unserem Know-How<\/h2>\n\n\n\n<p>Die Leidenschaft f\u00fcr den Pferdesport ist unser t\u00e4glicher Antrieb. Hinter KAVALKADE steht ein engagiertes Team von rund 20 Mitarbeitern, die den Reitsport in all seinen Facetten leben \u2013 ob im Dressur- oder Springsattel, als Freizeitreiter, Voltigierer oder auf dem Turnier.<\/p>\n\n\n\n<p>Dieses breite Spektrum an Erfahrung erm\u00f6glicht uns ein tiefes Verst\u00e4ndnis f\u00fcr die Bed\u00fcrfnisse von Pferd und Reiter. Unser Wissen ist nicht nur theoretisch \u2013 wir wissen aus eigener Praxis, worauf es ankommt.<\/p>\n\n\n\n<p>Als bewusst kleines Team pflegen wir eine famili\u00e4re Atmosph\u00e4re, die kurze Wege, Transparenz und echten Service m\u00f6glich macht. Bodenst\u00e4ndig, zuverl\u00e4ssig und nah am Kunden arbeiten wir t\u00e4glich daran, den hohen Anspruch von KAVALKADE zu erf\u00fcllen \u2013 heute und in Zukunft.<\/p>\n\n\n\n<p>F\u00fcr das, was uns antreibt:<br><strong>Damit Pferd und Reiter sich rundum wohlf\u00fchlen.<\/strong><br><em>Von Reitern f\u00fcr Reiter.<\/em><\/p>\n<\/div>\n<\/div>\n\n\n\n<div class=\"wp-block-media-text has-media-on-the-right is-stacked-on-mobile\"><div class=\"wp-block-media-text__content\">\n<h3 class=\"wp-block-heading\">Unser Team \u2013 so vielf\u00e4ltig wie unsere Ideen<\/h3>\n\n\n\n<p>Unser Team besteht aus vielen Gesichtern: jung und erfahren, M\u00e4nner und Frauen, Menschen mit unterschiedlichen kulturellen Hintergr\u00fcnden. Sch\u00fcchterne und extrovertierte Pers\u00f6nlichkeiten arbeiten hier Seite an Seite \u2013 und alle bringen ihre eigene Motivation und Individualit\u00e4t ein, um die Firma aktiv zu gestalten.<\/p>\n\n\n\n<p>Bei uns wird\u00a0Kreativit\u00e4t gelebt. Digitalisierung wird von den \u201ealten Hasen\u201c genauso umgesetzt und weiterentwickelt wie von den jungen Talenten, die frischen Wind und neue Perspektiven einbringen. Die Kombination aus\u00a040 Jahren Erfahrung und frischem Elan\u00a0schafft eine einzigartige Dynamik.<\/p>\n\n\n\n<p>Wir sind ein bunter Haufen, der sich aufeinander verlassen kann \u2013 ein Team, das\u00a0die Marke KAVALKADE pr\u00e4gt und vorantreibt. Ohne diese Vielfalt und diesen Zusammenhalt w\u00e4re die Marke nicht da, wo sie heute steht.<\/p>\n\n\n\n<p>Unser Team ist eher sch\u00fcchtern \u2013 deshalb steht Valentina Leutner, unsere Gesch\u00e4ftsf\u00fchrerin, hier allein im Rampenlicht.<\/p>\n<\/div><figure class=\"wp-block-media-text__media\"><img loading=\"lazy\" decoding=\"async\" width=\"998\" height=\"1024\" src=\"https:\/\/kavalkade.de\/blog\/app\/uploads\/2026\/03\/Kavalkade-Geschaetsfuehrerin-Valentina-Leutner-1-998x1024.jpg\" alt=\"Kavalkade Gesch\u00e4ftsf\u00fchrerin Valentina Leutner\" class=\"wp-image-4576 size-full\" srcset=\"https:\/\/kavalkade.de\/blog\/app\/uploads\/2026\/03\/Kavalkade-Geschaetsfuehrerin-Valentina-Leutner-1-998x1024.jpg 998w, https:\/\/kavalkade.de\/blog\/app\/uploads\/2026\/03\/Kavalkade-Geschaetsfuehrerin-Valentina-Leutner-1-292x300.jpg 292w, https:\/\/kavalkade.de\/blog\/app\/uploads\/2026\/03\/Kavalkade-Geschaetsfuehrerin-Valentina-Leutner-1-768x788.jpg 768w, https:\/\/kavalkade.de\/blog\/app\/uploads\/2026\/03\/Kavalkade-Geschaetsfuehrerin-Valentina-Leutner-1-487x500.jpg 487w, https:\/\/kavalkade.de\/blog\/app\/uploads\/2026\/03\/Kavalkade-Geschaetsfuehrerin-Valentina-Leutner-1.jpg 1069w\" sizes=\"auto, (max-width: 998px) 100vw, 998px\" \/><\/figure><\/div>\n","protected":false},"excerpt":{"rendered":"<p>Unser Kavalkade-Team Die Menschen hinter unserem Know-How Die Leidenschaft f\u00fcr den Pferdesport ist unser t\u00e4glicher Antrieb. Hinter KAVALKADE steht ein engagiertes Team von rund 20 &#8230;<\/p>\n","protected":false},"author":2,"featured_media":303,"parent":0,"menu_order":0,"comment_status":"closed","ping_status":"closed","template":"","meta":{"_acf_changed":false,"_seopress_robots_primary_cat":"","_seopress_titles_title":"","_seopress_titles_desc":"","_seopress_robots_index":"","inline_featured_image":false,"footnotes":"[]"},"class_list":["post-253","page","type-page","status-publish","has-post-thumbnail","hentry"],"acf":[],"_links":{"self":[{"href":"https:\/\/kavalkade.de\/blog\/wp-json\/wp\/v2\/pages\/253","targetHints":{"allow":["GET"]}}],"collection":[{"href":"https:\/\/kavalkade.de\/blog\/wp-json\/wp\/v2\/pages"}],"about":[{"href":"https:\/\/kavalkade.de\/blog\/wp-json\/wp\/v2\/types\/page"}],"author":[{"embeddable":true,"href":"https:\/\/kavalkade.de\/blog\/wp-json\/wp\/v2\/users\/2"}],"replies":[{"embeddable":true,"href":"https:\/\/kavalkade.de\/blog\/wp-json\/wp\/v2\/comments?post=253"}],"version-history":[{"count":7,"href":"https:\/\/kavalkade.de\/blog\/wp-json\/wp\/v2\/pages\/253\/revisions"}],"predecessor-version":[{"id":4580,"href":"https:\/\/kavalkade.de\/blog\/wp-json\/wp\/v2\/pages\/253\/revisions\/4580"}],"wp:featuredmedia":[{"embeddable":true,"href":"https:\/\/kavalkade.de\/blog\/wp-json\/wp\/v2\/media\/303"}],"wp:attachment":[{"href":"https:\/\/kavalkade.de\/blog\/wp-json\/wp\/v2\/media?parent=253"}],"curies":[{"name":"wp","href":"https:\/\/api.w.org\/{rel}","templated":true}]}}